{"id":17,"date":"2026-01-25T16:20:47","date_gmt":"2026-01-25T14:20:47","guid":{"rendered":"http:\/\/gospelchor-sternenfaenger.de.w0120de1.kasserver.com\/?page_id=17"},"modified":"2026-03-12T09:58:07","modified_gmt":"2026-03-12T07:58:07","slug":"termine","status":"publish","type":"page","link":"https:\/\/gospelchor-sternenfaenger.de\/?page_id=17","title":{"rendered":"Termine"},"content":{"rendered":"\n<p><strong>Gospelchor-Konzert<br><\/strong>am Samstag, 25. Juli 2026<br>in Aub<\/p>\n\n\n\n<p><br>VERGANGENHEIT:<\/p>\n\n\n\n<p><strong>Gospelchor beim Tauffest<br><\/strong>am 5. Juli 2025<br>in Augsburg am Kuhsee (Hochzoll)<\/p>\n\n\n\n<p><strong>Gospelchor bei der Konfirmation<br><\/strong>am 9. und 10. Mai 2025<br>in Donauw\u00f6rth<\/p>\n\n\n\n<p><strong>Gospelchor-Konzert<br><\/strong>am Sonntag, 13. Dezember 2025<br>in Augsburg, St. Andreas<\/p>\n\n\n\n<p><strong>Gospelchor-Konzert<br><\/strong>am Sonntag, 14. Dezember 2025<br>in Donauw\u00f6rth<\/p>\n\n\n\n<p><strong>Gospelchor-Konzert<br><\/strong>am Samstag, 8. M\u00e4rz 2025 im &#8222;Donauw\u00f6rther Notenkessel&#8220;<br>in Donauw\u00f6rth<\/p>\n\n\n\n<p><strong>Gospelchor-Konzert<br><\/strong>am Sonntag, 14. Juli 2024<br>in der Erl\u00f6serkirche Deiningen<\/p>\n\n\n\n<p><strong>Gospel-Gottesdienst<\/strong><br>am Freitag, 21. Juni 2024<br>in der Christuskirche Donauw\u00f6rth<\/p>\n\n\n\n<p><strong>Segnungs-Gottesdienst<\/strong><br>am Sonntag, 19. November 2023 um 11:00 Uhr<br>mit Ansingen der Lieder vorher, mit Einzelsegnung, mit mitgebrachtem Mittagessen<\/p>\n\n\n\n<p><strong>Weihnachtskonzert<\/strong><br>am Sonntag, 3. Dezember 2023 um 17:00 Uhr<br>in der Christuskirche Donauw\u00f6rth<\/p>\n\n\n\n<p><strong>Weihnachtskonzert<\/strong><br>am Sonntag, 17. Dezember 2023 um 17:00 Uhr<br>in der kath. Pfarrkirche Maria Immaculata in Asbach-B\u00e4umenheim<\/p>\n\n\n\n<p><strong>Drei-K\u00f6nigs-Gospel-Gottesdienst<\/strong><br>am Samstag, 6. Januar 2024 um 17:30 Uhr<br>in der Christuskirche Donauw\u00f6rth<\/p>\n\n\n\n<p><strong>Gospel-Time<\/strong><br>am Sonntag, 24. September 2023 um 18:00 Uhr<br>in der Auferstehungskirche in Augsburg-Hochzoll-S\u00fcd<br>ein Gottesdienst bei dem die Songs im Mittelpunkt stehen<\/p>\n\n\n\n<p><strong>Mitternachts-Gospel-Gottesdienst am Gemeindefest<br><\/strong>Freitag, 14. Juli 2023 &#8211; 22:00 Uhr<br>Christuskirche Donauw\u00f6rth<\/p>\n\n\n\n<p><strong>Gospelnight in Schmiechen<\/strong><br>Samstag, 8. Juli 2023<\/p>\n\n\n\n<p><br><br><strong>Gospelkonzert in Huisheim<\/strong><br>Samstag, 13. Mai 2023 &#8211; 19:00 Uhr<br>Zum Kirchweih-Jubil\u00e4um von St.Vitus singen die Sternenf\u00e4nger<br>St.Vitus-Kirche, Huisheim<\/p>\n\n\n\n<p><strong>Konfirmation in Donauw\u00f6rth<\/strong><br>Samstag, 29. und 30. April 2023<\/p>\n\n\n\n<p><strong>Segnungsgottesdienst<\/strong><br>Sonntag, 20. November 2022<\/p>\n\n\n\n<p><strong>Gospel-Gottesdienst Reformationsfest<br><\/strong>Montag, 31. Oktober 2022<\/p>\n\n\n\n<p><strong>Vers\u00f6hnungs-Gottesdienst<br><\/strong>Sonntag, 10. April 2022<\/p>\n\n\n\n<p><strong>Gospel-Gottesdienst<br><\/strong>Donnerstag, 6. Januar 2022<\/p>\n\n\n\n<p><strong>Christmas-Gospel mit den Sternenf\u00e4ngern<\/strong><br>Ausgefallen wegs Corona<br>Sonntag, 19. Dezember 2021<\/p>\n\n\n\n<p><strong>Gospel-Gottesdienst<br><\/strong>Mittwoch, 17. November 2021 (Corona-Zeit)<\/p>\n\n\n\n<p><strong>Segnungsgottesdienst<\/strong>e<br>Sonntag, 21. November 2021<\/p>\n\n\n\n<p><strong>Sommerkonzert<br><\/strong>Sonntag, 25. Juli 2021<\/p>\n\n\n\n<p><strong>Gospel-Gottesdienst<br><\/strong>Sonntag, 28.2.2021, 09:30 h (Corona-Zeit)<br>Teil des Not-kessels! Weiterhin erlebbar auf YouTube!<br><a href=\"https:\/\/www.youtube.com\/watch?v=KlJbVK5jZqc\">https:\/\/www.youtube.com\/watch?v=KlJbVK5jZqc<\/a><br><br><strong>Gospel-Gottesdienst<br><\/strong>Mittwoch, 6. Januar 2021 <\/p>\n\n\n\n<p><strong>Notenkessel-Konzert<\/strong><br>Samstag, 23. M\u00e4rz 2019<\/p>\n\n\n\n<p><strong>Jubil\u00e4ums-Konzert 10 Jahre Gospelchor<\/strong><br>Freitag, 13. Juli 2018<\/p>\n\n\n\n<p><strong>Gospelnight in K\u00f6nigsbrunn<\/strong><br>Samstag, 7. Juli 2018<\/p>\n\n\n\n<p><strong>Konfirmation in Donauw\u00f6rth<\/strong><br>Sonntag, 22. April 2018<\/p>\n\n\n\n<p><strong>Vers\u00f6hnungsgottesdienst in Riedlingen<\/strong><br>Sonntag, 25. M\u00e4rz 2018<\/p>\n\n\n\n<p><strong>LUTHER-Musical in Donauw\u00f6rth<\/strong><br>Sonntag, 25. Februar 2018<br>Wir wiederholen unsere erfolgreiche Donau-Ries-Inszenierung mit einem Doppelkonzert um 14 und um 19 Uhr.<\/p>\n\n\n\n<p><strong>500 Jahre Reformation &#8211; Gottesdienst<\/strong><br>Dienstag, 31. Oktober 2017 &#8211; 10:30 Uhr<br>Wir wandern von Kirche zu Kirche (evang. Christuskirche, kath. M\u00fcnster, W\u00f6rnitzbr\u00fccke), begleitet von der Stadtkapelle Donauw\u00f6rth und erinnern uns an das historisch ber\u00fchmte &#8222;Kreuz- und Fahnengefecht&#8220;, indem wir offiziell die W\u00f6rnitzbr\u00fccke in &#8222;Friedensbr\u00fccke&#8220; umbenennen.<\/p>\n\n\n\n<p><strong>LUTHER-Oratorium in Berlin<\/strong><br>Sonntag, 29. Oktober 2017<br>Manche von uns sind dabei, wenn das ZDF diese Inszenierung aufzeichnet.<\/p>\n\n\n\n<p><strong>DONWUD<\/strong><br>Freitag, 8. Dezember 2017<br>Beim Festival der Kulturen in der Stadt Donauw\u00f6rth<\/p>\n\n\n\n<p><strong>Segnungsgottesdienst<\/strong><br>Sonntag, 19. November 2017<\/p>\n\n\n\n<p><strong>Trauung in Gempfing<\/strong><br>Samstag, 23. September 2017<\/p>\n\n\n\n<p><strong>LUTHER-Oratorium Donauw\u00f6rth<\/strong><br>Sonntag, 14. Mai 2017 &#8211; 20:00 Uhr<\/p>\n\n\n\n<p>Es war die Bombe! Vor \u00fcberf\u00fcllter Christuskirche sangen und spielten wir das Musical &#8222;Luther&#8220; von Dieter Falk und Michael Kunze in unserer Christuskirche. Etwa 100 regionale S\u00e4nger\/innen, die in M\u00fcnchen dabei waren, gestalteten ihre eigene Inszenierung. 100 Besucher wurden wegen \u00dcberf\u00fcllung heim geschickt&#8230; Sorry!<\/p>\n\n\n\n<p><strong><br>Konfirmations-Gottesdienst Donauw\u00f6rth<\/strong><br>Sonntag, 30. April 2017<\/p>\n\n\n\n<p><strong>LUTHER-Oratorium M\u00fcnchen<\/strong><br>Samstag, 18. M\u00e4rz 2017<\/p>\n\n\n\n<p>Wir sind Teil von 2100 S\u00e4nger\/innen, Orchester, Band und Musical-Solisten in der Olympiahalle beim Luther-Pop-Oratorium von Dieter Falk (Musik) und Michael Kunze (Text). <a href=\"http:\/\/www.luther-oratorium.de\">www.luther-oratorium.de<\/a>.&nbsp;<\/p>\n\n\n\n<p><strong>Literarischer Gottesdienst<\/strong><br>Freitag, 6. Januar 2017<\/p>\n\n\n\n<p><strong>LUTHER-Gottesdienst Donauw\u00f6rth<\/strong><br>Sonntag, 5. Februar 2017<\/p>\n\n\n\n<p><strong>Gospelkonzert Asbach-B\u00e4umenheim<\/strong><br>Sonntag, 11. Dezember 2016<\/p>\n\n\n\n<p><strong>Parkst\u00e4dter Weihnacht Donauw\u00f6rth<\/strong><br>Samstag, 3. Dezember 2016<\/p>\n\n\n\n<p><strong>Segnungsgottesdienst Donauw\u00f6rth<\/strong><br>Sonntag, 16. Oktober 2016<\/p>\n","protected":false},"excerpt":{"rendered":"<p>Gospelchor-Konzertam Samstag, 25. Juli 2026in Aub VERGANGENHEIT: Gospelchor beim Tauffestam 5. Juli 2025in Augsburg am Kuhsee (Hochzoll) Gospelchor bei der Konfirmationam 9. und 10. Mai 2025in Donauw\u00f6rth Gospelchor-Konzertam Sonntag, 13. Dezember 2025in Augsburg, St. Andreas Gospelchor-Konzertam Sonntag, 14. Dezember 2025in Donauw\u00f6rth Gospelchor-Konzertam Samstag, 8. M\u00e4rz 2025 im &#8222;Donauw\u00f6rther Notenkessel&#8220;in Donauw\u00f6rth Gospelchor-Konzertam Sonntag, 14. Juli 2024in &hellip; <a href=\"https:\/\/gospelchor-sternenfaenger.de\/?page_id=17\" class=\"more-link\"><span class=\"screen-reader-text\">Termine<\/span> weiterlesen<\/a><\/p>\n","protected":false},"author":1,"featured_media":0,"parent":2,"menu_order":0,"comment_status":"closed","ping_status":"open","template":"","meta":{"footnotes":""},"class_list":["post-17","page","type-page","status-publish","hentry"],"_links":{"self":[{"href":"https:\/\/gospelchor-sternenfaenger.de\/index.php?rest_route=\/wp\/v2\/pages\/17","targetHints":{"allow":["GET"]}}],"collection":[{"href":"https:\/\/gospelchor-sternenfaenger.de\/index.php?rest_route=\/wp\/v2\/pages"}],"about":[{"href":"https:\/\/gospelchor-sternenfaenger.de\/index.php?rest_route=\/wp\/v2\/types\/page"}],"author":[{"embeddable":true,"href":"https:\/\/gospelchor-sternenfaenger.de\/index.php?rest_route=\/wp\/v2\/users\/1"}],"replies":[{"embeddable":true,"href":"https:\/\/gospelchor-sternenfaenger.de\/index.php?rest_route=%2Fwp%2Fv2%2Fcomments&post=17"}],"version-history":[{"count":31,"href":"https:\/\/gospelchor-sternenfaenger.de\/index.php?rest_route=\/wp\/v2\/pages\/17\/revisions"}],"predecessor-version":[{"id":129,"href":"https:\/\/gospelchor-sternenfaenger.de\/index.php?rest_route=\/wp\/v2\/pages\/17\/revisions\/129"}],"up":[{"embeddable":true,"href":"https:\/\/gospelchor-sternenfaenger.de\/index.php?rest_route=\/wp\/v2\/pages\/2"}],"wp:attachment":[{"href":"https:\/\/gospelchor-sternenfaenger.de\/index.php?rest_route=%2Fwp%2Fv2%2Fmedia&parent=17"}],"curies":[{"name":"wp","href":"https:\/\/api.w.org\/{rel}","templated":true}]}}

<p><strong>Gospelchor-Konzert<br></strong>am Samstag, 25. Juli 2026<br>in Aub</p>



<p><br>VERGANGENHEIT:</p>



<p><strong>Gospelchor beim Tauffest<br></strong>am 5. Juli 2025<br>in Augsburg am Kuhsee (Hochzoll)</p>



<p><strong>Gospelchor bei der Konfirmation<br></strong>am 9. und 10. Mai 2025<br>in Donauwörth</p>



<p><strong>Gospelchor-Konzert<br></strong>am Sonntag, 13. Dezember 2025<br>in Augsburg, St. Andreas</p>



<p><strong>Gospelchor-Konzert<br></strong>am Sonntag, 14. Dezember 2025<br>in Donauwörth</p>



<p><strong>Gospelchor-Konzert<br></strong>am Samstag, 8. März 2025 im &#8222;Donauwörther Notenkessel&#8220;<br>in Donauwörth</p>



<p><strong>Gospelchor-Konzert<br></strong>am Sonntag, 14. Juli 2024<br>in der Erlöserkirche Deiningen</p>



<p><strong>Gospel-Gottesdienst</strong><br>am Freitag, 21. Juni 2024<br>in der Christuskirche Donauwörth</p>



<p><strong>Segnungs-Gottesdienst</strong><br>am Sonntag, 19. November 2023 um 11:00 Uhr<br>mit Ansingen der Lieder vorher, mit Einzelsegnung, mit mitgebrachtem Mittagessen</p>



<p><strong>Weihnachtskonzert</strong><br>am Sonntag, 3. Dezember 2023 um 17:00 Uhr<br>in der Christuskirche Donauwörth</p>



<p><strong>Weihnachtskonzert</strong><br>am Sonntag, 17. Dezember 2023 um 17:00 Uhr<br>in der kath. Pfarrkirche Maria Immaculata in Asbach-Bäumenheim</p>



<p><strong>Drei-Königs-Gospel-Gottesdienst</strong><br>am Samstag, 6. Januar 2024 um 17:30 Uhr<br>in der Christuskirche Donauwörth</p>



<p><strong>Gospel-Time</strong><br>am Sonntag, 24. September 2023 um 18:00 Uhr<br>in der Auferstehungskirche in Augsburg-Hochzoll-Süd<br>ein Gottesdienst bei dem die Songs im Mittelpunkt stehen</p>



<p><strong>Mitternachts-Gospel-Gottesdienst am Gemeindefest<br></strong>Freitag, 14. Juli 2023 &#8211; 22:00 Uhr<br>Christuskirche Donauwörth</p>



<p><strong>Gospelnight in Schmiechen</strong><br>Samstag, 8. Juli 2023</p>



<p><br><br><strong>Gospelkonzert in Huisheim</strong><br>Samstag, 13. Mai 2023 &#8211; 19:00 Uhr<br>Zum Kirchweih-Jubiläum von St.Vitus singen die Sternenfänger<br>St.Vitus-Kirche, Huisheim</p>



<p><strong>Konfirmation in Donauwörth</strong><br>Samstag, 29. und 30. April 2023</p>



<p><strong>Segnungsgottesdienst</strong><br>Sonntag, 20. November 2022</p>



<p><strong>Gospel-Gottesdienst Reformationsfest<br></strong>Montag, 31. Oktober 2022</p>



<p><strong>Versöhnungs-Gottesdienst<br></strong>Sonntag, 10. April 2022</p>



<p><strong>Gospel-Gottesdienst<br></strong>Donnerstag, 6. Januar 2022</p>



<p><strong>Christmas-Gospel mit den Sternenfängern</strong><br>Ausgefallen wegs Corona<br>Sonntag, 19. Dezember 2021</p>



<p><strong>Gospel-Gottesdienst<br></strong>Mittwoch, 17. November 2021 (Corona-Zeit)</p>



<p><strong>Segnungsgottesdienst</strong>e<br>Sonntag, 21. November 2021</p>



<p><strong>Sommerkonzert<br></strong>Sonntag, 25. Juli 2021</p>



<p><strong>Gospel-Gottesdienst<br></strong>Sonntag, 28.2.2021, 09:30 h (Corona-Zeit)<br>Teil des Not-kessels! Weiterhin erlebbar auf YouTube!<br><a href="https://www.youtube.com/watch?v=KlJbVK5jZqc">https://www.youtube.com/watch?v=KlJbVK5jZqc</a><br><br><strong>Gospel-Gottesdienst<br></strong>Mittwoch, 6. Januar 2021 </p>



<p><strong>Notenkessel-Konzert</strong><br>Samstag, 23. März 2019</p>



<p><strong>Jubiläums-Konzert 10 Jahre Gospelchor</strong><br>Freitag, 13. Juli 2018</p>



<p><strong>Gospelnight in Königsbrunn</strong><br>Samstag, 7. Juli 2018</p>



<p><strong>Konfirmation in Donauwörth</strong><br>Sonntag, 22. April 2018</p>



<p><strong>Versöhnungsgottesdienst in Riedlingen</strong><br>Sonntag, 25. März 2018</p>



<p><strong>LUTHER-Musical in Donauwörth</strong><br>Sonntag, 25. Februar 2018<br>Wir wiederholen unsere erfolgreiche Donau-Ries-Inszenierung mit einem Doppelkonzert um 14 und um 19 Uhr.</p>



<p><strong>500 Jahre Reformation &#8211; Gottesdienst</strong><br>Dienstag, 31. Oktober 2017 &#8211; 10:30 Uhr<br>Wir wandern von Kirche zu Kirche (evang. Christuskirche, kath. Münster, Wörnitzbrücke), begleitet von der Stadtkapelle Donauwörth und erinnern uns an das historisch berühmte &#8222;Kreuz- und Fahnengefecht&#8220;, indem wir offiziell die Wörnitzbrücke in &#8222;Friedensbrücke&#8220; umbenennen.</p>



<p><strong>LUTHER-Oratorium in Berlin</strong><br>Sonntag, 29. Oktober 2017<br>Manche von uns sind dabei, wenn das ZDF diese Inszenierung aufzeichnet.</p>



<p><strong>DONWUD</strong><br>Freitag, 8. Dezember 2017<br>Beim Festival der Kulturen in der Stadt Donauwörth</p>



<p><strong>Segnungsgottesdienst</strong><br>Sonntag, 19. November 2017</p>



<p><strong>Trauung in Gempfing</strong><br>Samstag, 23. September 2017</p>



<p><strong>LUTHER-Oratorium Donauwörth</strong><br>Sonntag, 14. Mai 2017 &#8211; 20:00 Uhr</p>



<p>Es war die Bombe! Vor überfüllter Christuskirche sangen und spielten wir das Musical &#8222;Luther&#8220; von Dieter Falk und Michael Kunze in unserer Christuskirche. Etwa 100 regionale Sänger/innen, die in München dabei waren, gestalteten ihre eigene Inszenierung. 100 Besucher wurden wegen Überfüllung heim geschickt&#8230; Sorry!</p>



<p><strong><br>Konfirmations-Gottesdienst Donauwörth</strong><br>Sonntag, 30. April 2017</p>



<p><strong>LUTHER-Oratorium München</strong><br>Samstag, 18. März 2017</p>



<p>Wir sind Teil von 2100 Sänger/innen, Orchester, Band und Musical-Solisten in der Olympiahalle beim Luther-Pop-Oratorium von Dieter Falk (Musik) und Michael Kunze (Text). <a href="http://www.luther-oratorium.de">www.luther-oratorium.de</a>.&nbsp;</p>



<p><strong>Literarischer Gottesdienst</strong><br>Freitag, 6. Januar 2017</p>



<p><strong>LUTHER-Gottesdienst Donauwörth</strong><br>Sonntag, 5. Februar 2017</p>



<p><strong>Gospelkonzert Asbach-Bäumenheim</strong><br>Sonntag, 11. Dezember 2016</p>



<p><strong>Parkstädter Weihnacht Donauwörth</strong><br>Samstag, 3. Dezember 2016</p>



<p><strong>Segnungsgottesdienst Donauwörth</strong><br>Sonntag, 16. Oktober 2016</p>

<p>Gospelchor-Konzertam Samstag, 25. Juli 2026in Aub VERGANGENHEIT: Gospelchor beim Tauffestam 5. Juli 2025in Augsburg am Kuhsee (Hochzoll) Gospelchor bei der Konfirmationam 9. und 10. Mai 2025in Donauwörth Gospelchor-Konzertam Sonntag, 13. Dezember 2025in Augsburg, St. Andreas Gospelchor-Konzertam Sonntag, 14. Dezember 2025in Donauwörth Gospelchor-Konzertam Samstag, 8. März 2025 im &#8222;Donauwörther Notenkessel&#8220;in Donauwörth Gospelchor-Konzertam Sonntag, 14. Juli 2024in &hellip; <a href="https://gospelchor-sternenfaenger.de/?page_id=17" class="more-link"><span class="screen-reader-text">Termine</span> weiterlesen</a></p>
